{"id":520,"date":"2025-02-03T15:17:20","date_gmt":"2025-02-03T14:17:20","guid":{"rendered":"https:\/\/mtbsiegerland.de\/cms\/?page_id=520"},"modified":"2025-02-04T18:39:27","modified_gmt":"2025-02-04T17:39:27","slug":"preise","status":"publish","type":"page","link":"https:\/\/mtbsiegerland.de\/cms\/preise\/","title":{"rendered":"PREISE"},"content":{"rendered":"\t\t<div data-elementor-type=\"wp-page\" data-elementor-id=\"520\" class=\"elementor elementor-520\" data-elementor-post-type=\"page\">\n\t\t\t\t<div class=\"elementor-element elementor-element-6605727 e-flex e-con-boxed e-con e-parent\" data-id=\"6605727\" data-element_type=\"container\" data-e-type=\"container\">\n\t\t\t\t\t<div class=\"e-con-inner\">\n\t\t\t\t<div class=\"elementor-element elementor-element-52d24ab elementor-widget elementor-widget-heading\" data-id=\"52d24ab\" data-element_type=\"widget\" data-e-type=\"widget\" data-widget_type=\"heading.default\">\n\t\t\t\t<div class=\"elementor-widget-container\">\n\t\t\t\t\t<h2 class=\"elementor-heading-title elementor-size-default\">PREISE<\/h2>\t\t\t\t<\/div>\n\t\t\t\t<\/div>\n\t\t\t\t<div class=\"elementor-element elementor-element-5571582 elementor-widget elementor-widget-text-editor\" data-id=\"5571582\" data-element_type=\"widget\" data-e-type=\"widget\" data-widget_type=\"text-editor.default\">\n\t\t\t\t<div class=\"elementor-widget-container\">\n\t\t\t\t\t\t\t\t\t<p>Bevor du dich in die Trails st\u00fcrzt, m\u00f6chten wir dir einen kurzen \u00dcberblick \u00fcber unsere Mitgliedsbeitr\u00e4ge geben. Denn wir wollen, dass du genau wei\u00dft, was dich erwartet \u2013 nicht nur auf den Trails, sondern auch bei der Mitgliedschaft.<\/p><p>Bei uns steht die Gemeinschaft im Vordergrund, und das spiegelt sich auch in unseren Beitr\u00e4gen wider. Egal, ob du ein frischgebackener Biker bist oder schon seit Jahren die Berge unsicher machst \u2013 bei uns findet jeder das passende Angebot. Unsere Preise sind fair, transparent und vor allem darauf ausgelegt, dass du dich voll und ganz aufs Biken konzentrieren kannst, ohne dir Gedanken \u00fcber versteckte Kosten machen zu m\u00fcssen.<\/p><p>Schau dir gerne unsere Preistabelle an und finde das Paket, das am besten zu dir passt. Und hey, falls du Fragen hast oder noch unsicher bist, melde dich einfach bei uns \u2013 wir helfen dir gern weiter. Denn bei uns geht\u2019s nicht nur ums Mountainbiken, sondern darum, gemeinsam eine coole Community zu schaffen. Also, schnapp dir dein Bike, werde Teil unseres Vereins und lass uns zusammen die Trails rocken!<\/p>\t\t\t\t\t\t\t\t<\/div>\n\t\t\t\t<\/div>\n\t\t\t\t\t<\/div>\n\t\t\t\t<\/div>\n\t\t\t\t<section class=\"elementor-section elementor-inner-section elementor-element elementor-element-e7cf8da elementor-section-boxed elementor-section-height-default elementor-section-height-default\" data-id=\"e7cf8da\" data-element_type=\"section\" data-e-type=\"section\">\n\t\t\t\t\t\t<div class=\"elementor-container elementor-column-gap-wider\">\n\t\t\t\t\t<div class=\"elementor-column elementor-col-33 elementor-inner-column elementor-element elementor-element-142b57ef elementor-invisible\" data-id=\"142b57ef\" data-element_type=\"column\" data-e-type=\"column\" data-settings=\"{&quot;animation&quot;:&quot;slideInLeft&quot;,&quot;animation_delay&quot;:200}\">\n\t\t\t<div class=\"elementor-widget-wrap elementor-element-populated\">\n\t\t\t\t\t\t<div class=\"elementor-element elementor-element-3f9d05a4 elementor-widget__width-initial elementor-widget elementor-widget-avas-price-table\" data-id=\"3f9d05a4\" data-element_type=\"widget\" data-e-type=\"widget\" data-widget_type=\"avas-price-table.default\">\n\t\t\t\t<div class=\"elementor-widget-container\">\n\t\t\t\t\t        <div class=\"tx-price-table-wrap\">\n            \n            <div class=\"tx-price-table-head\">\n                \n                <h4 class=\"tx-pt-heading\">Einzelmitgliedschaft<\/h4>\n                <div class=\"tx-pt-sub-heading\">Erm\u00e4\u00dfigt (bis 18 Jahre)<\/div>\n                            <\/div><!-- tx-price-table-head -->\n\n            <div class=\"tx-price-table-price\">\n                <div class=\"tx-pt-price\">\u20ac 30<\/div>\n                <div class=\"tx-pt-period\">Pro Jahr<\/div>\n            <\/div><!-- tx-price-table-price -->\n\n            <div class=\"tx-price-table-features\">\n                \n                                        <div class=\"tx-pt-feature-details \">\n                        <i class=\"eicon-check\"><\/i> Unterst\u00fctze den Flowtrail                    <\/div><!-- tx-pt-feature-details -->\n                \n                                        <div class=\"tx-pt-feature-details \">\n                        <i class=\"eicon-check\"><\/i> Trainingsm\u00f6glichkeiten                    <\/div><!-- tx-pt-feature-details -->\n                \n                                        <div class=\"tx-pt-feature-details \">\n                        <i class=\"fa fa-check\"><\/i> Biketreffs                    <\/div><!-- tx-pt-feature-details -->\n                \n                                        <div class=\"tx-pt-feature-details \">\n                        <i class=\"fa fa-check\"><\/i> Stammtische                    <\/div><!-- tx-pt-feature-details -->\n                \n                                        <div class=\"tx-pt-feature-details \">\n                        <i class=\"fa fa-clock-o\"><\/i> nur bis zum 18. Lebensjahr                    <\/div><!-- tx-pt-feature-details -->\n                            <\/div><!-- tx-price-table-features -->\n\n            <div class=\"tx-price-table-button\">\n                <a href=\"https:\/\/mtbsiegerland.de\/cms\/mitglied-werden\/\" target=\"_self\">Jetzt anmelden<\/a>\n            <\/div><!-- tx-price-table-button -->\n       \n        <\/div><!-- tx-price-table-wrap -->\n\n\n\t\t\t\t<\/div>\n\t\t\t\t<\/div>\n\t\t\t\t\t<\/div>\n\t\t<\/div>\n\t\t\t\t<div class=\"elementor-column elementor-col-33 elementor-inner-column elementor-element elementor-element-2f2a715e elementor-invisible\" data-id=\"2f2a715e\" data-element_type=\"column\" data-e-type=\"column\" data-settings=\"{&quot;animation&quot;:&quot;slideInDown&quot;,&quot;animation_delay&quot;:400}\">\n\t\t\t<div class=\"elementor-widget-wrap elementor-element-populated\">\n\t\t\t\t\t\t<div class=\"elementor-element elementor-element-dc1a22 elementor-widget__width-initial elementor-widget elementor-widget-avas-price-table\" data-id=\"dc1a22\" data-element_type=\"widget\" data-e-type=\"widget\" data-widget_type=\"avas-price-table.default\">\n\t\t\t\t<div class=\"elementor-widget-container\">\n\t\t\t\t\t        <div class=\"tx-price-table-wrap\">\n            \n            <div class=\"tx-price-table-head\">\n                \n                <h4 class=\"tx-pt-heading\">Einzelmitgliedschaft<\/h4>\n                <div class=\"tx-pt-sub-heading\">Erwachsene<\/div>\n                                <div class=\"tx-price-table-ribbon\">\n                    <div class=\"tx-price-table-ribbon-txt\">\n                    BELIEBT                    <\/div>\n                <\/div>\n                        <\/div><!-- tx-price-table-head -->\n\n            <div class=\"tx-price-table-price\">\n                <div class=\"tx-pt-price\">\u20ac 50<\/div>\n                <div class=\"tx-pt-period\">Pro Jahr<\/div>\n            <\/div><!-- tx-price-table-price -->\n\n            <div class=\"tx-price-table-features\">\n                \n                                        <div class=\"tx-pt-feature-details \">\n                        <i class=\"eicon-check\"><\/i> Unterst\u00fctze den Flowtrail                    <\/div><!-- tx-pt-feature-details -->\n                \n                                        <div class=\"tx-pt-feature-details \">\n                        <i class=\"eicon-check\"><\/i> Trainingsm\u00f6glichkeiten                    <\/div><!-- tx-pt-feature-details -->\n                \n                                        <div class=\"tx-pt-feature-details \">\n                        <i class=\"eicon-check\"><\/i> Biketreffs                    <\/div><!-- tx-pt-feature-details -->\n                \n                                        <div class=\"tx-pt-feature-details \">\n                        <i class=\"fa fa-check\"><\/i> Stammtische                    <\/div><!-- tx-pt-feature-details -->\n                \n                                        <div class=\"tx-pt-feature-details \">\n                        <i class=\"fa fa-smile-o\"><\/i> 18-99 Jahre                    <\/div><!-- tx-pt-feature-details -->\n                            <\/div><!-- tx-price-table-features -->\n\n            <div class=\"tx-price-table-button\">\n                <a href=\"https:\/\/mtbsiegerland.de\/cms\/mitglied-werden\/\" target=\"_self\">Jetzt anmelden<\/a>\n            <\/div><!-- tx-price-table-button -->\n       \n        <\/div><!-- tx-price-table-wrap -->\n\n\n\t\t\t\t<\/div>\n\t\t\t\t<\/div>\n\t\t\t\t\t<\/div>\n\t\t<\/div>\n\t\t\t\t<div class=\"elementor-column elementor-col-33 elementor-inner-column elementor-element elementor-element-7c91a322 elementor-invisible\" data-id=\"7c91a322\" data-element_type=\"column\" data-e-type=\"column\" data-settings=\"{&quot;animation&quot;:&quot;slideInRight&quot;,&quot;animation_delay&quot;:600}\">\n\t\t\t<div class=\"elementor-widget-wrap elementor-element-populated\">\n\t\t\t\t\t\t<div class=\"elementor-element elementor-element-54b79e6f elementor-widget__width-initial elementor-widget elementor-widget-avas-price-table\" data-id=\"54b79e6f\" data-element_type=\"widget\" data-e-type=\"widget\" data-widget_type=\"avas-price-table.default\">\n\t\t\t\t<div class=\"elementor-widget-container\">\n\t\t\t\t\t        <div class=\"tx-price-table-wrap\">\n            \n            <div class=\"tx-price-table-head\">\n                \n                <h4 class=\"tx-pt-heading\">Familienmitgliedschaft<\/h4>\n                <div class=\"tx-pt-sub-heading\">Die ganze Familie<\/div>\n                            <\/div><!-- tx-price-table-head -->\n\n            <div class=\"tx-price-table-price\">\n                <div class=\"tx-pt-price\">\u20ac 90<\/div>\n                <div class=\"tx-pt-period\">Pro Jahr<\/div>\n            <\/div><!-- tx-price-table-price -->\n\n            <div class=\"tx-price-table-features\">\n                \n                                        <div class=\"tx-pt-feature-details \">\n                        <i class=\"eicon-check\"><\/i> Unterst\u00fctze den Flowtrail                    <\/div><!-- tx-pt-feature-details -->\n                \n                                        <div class=\"tx-pt-feature-details \">\n                        <i class=\"eicon-check\"><\/i> Trainingsm\u00f6glichkeiten                    <\/div><!-- tx-pt-feature-details -->\n                \n                                        <div class=\"tx-pt-feature-details \">\n                        <i class=\"eicon-check\"><\/i> Biketreffs                    <\/div><!-- tx-pt-feature-details -->\n                \n                                        <div class=\"tx-pt-feature-details \">\n                        <i class=\"eicon-check\"><\/i> Stammtische                    <\/div><!-- tx-pt-feature-details -->\n                \n                                        <div class=\"tx-pt-feature-details \">\n                        <i class=\"eicon-check\"><\/i> F\u00fcr deine ganze Familie                    <\/div><!-- tx-pt-feature-details -->\n                            <\/div><!-- tx-price-table-features -->\n\n            <div class=\"tx-price-table-button\">\n                <a href=\"https:\/\/mtbsiegerland.de\/cms\/mitglied-werden\/\" target=\"_self\">Jetzt anmelden<\/a>\n            <\/div><!-- tx-price-table-button -->\n       \n        <\/div><!-- tx-price-table-wrap -->\n\n\n\t\t\t\t<\/div>\n\t\t\t\t<\/div>\n\t\t\t\t\t<\/div>\n\t\t<\/div>\n\t\t\t\t\t<\/div>\n\t\t<\/section>\n\t\t\t\t<\/div>\n\t\t","protected":false},"excerpt":{"rendered":"<p class=\"tx-excerpt\">PREISE Bevor du dich in die Trails st\u00fcrzt, m\u00f6chten wir dir einen kurzen \u00dcberblick \u00fcber unsere Mitgliedsbeitr\u00e4ge geben. Denn wir wollen, dass du genau wei\u00dft, was dich erwartet \u2013 nicht nur auf den Trails, sondern...<\/p>","protected":false},"author":1,"featured_media":0,"parent":0,"menu_order":0,"comment_status":"closed","ping_status":"closed","template":"","meta":{"_lmt_disableupdate":"","_lmt_disable":"","_exactmetrics_skip_tracking":false,"_exactmetrics_sitenote_active":false,"_exactmetrics_sitenote_note":"","_exactmetrics_sitenote_category":0,"footnotes":""},"class_list":["post-520","page","type-page","status-publish","hentry"],"yoast_head":"<!-- This site is optimized with the Yoast SEO plugin v27.4 - https:\/\/yoast.com\/product\/yoast-seo-wordpress\/ -->\n<title>PREISE - MTB Siegerland e.V. - Lass dich raus!<\/title>\n<meta name=\"robots\" content=\"index, follow, max-snippet:-1, max-image-preview:large, max-video-preview:-1\" \/>\n<link rel=\"canonical\" href=\"https:\/\/mtbsiegerland.de\/cms\/preise\/\" \/>\n<meta property=\"og:locale\" content=\"de_DE\" \/>\n<meta property=\"og:type\" content=\"article\" \/>\n<meta property=\"og:title\" content=\"PREISE - MTB Siegerland e.V. - Lass dich raus!\" \/>\n<meta property=\"og:description\" content=\"PREISE Bevor du dich in die Trails st\u00fcrzt, m\u00f6chten wir dir einen kurzen \u00dcberblick \u00fcber unsere Mitgliedsbeitr\u00e4ge geben. Denn wir wollen, dass du genau wei\u00dft, was dich erwartet \u2013 nicht nur auf den Trails, sondern auch bei der Mitgliedschaft. Bei uns steht die Gemeinschaft im Vordergrund, und das spiegelt sich auch in unseren Beitr\u00e4gen wider. [&hellip;]\" \/>\n<meta property=\"og:url\" content=\"https:\/\/mtbsiegerland.de\/cms\/preise\/\" \/>\n<meta property=\"og:site_name\" content=\"MTB Siegerland e.V. - Lass dich raus!\" \/>\n<meta property=\"article:modified_time\" content=\"2025-02-04T17:39:27+00:00\" \/>\n<meta name=\"twitter:card\" content=\"summary_large_image\" \/>\n<meta name=\"twitter:label1\" content=\"Gesch\u00e4tzte Lesezeit\" \/>\n\t<meta name=\"twitter:data1\" content=\"2\u00a0Minuten\" \/>\n<script type=\"application\/ld+json\" class=\"yoast-schema-graph\">{\"@context\":\"https:\\\/\\\/schema.org\",\"@graph\":[{\"@type\":\"WebPage\",\"@id\":\"https:\\\/\\\/mtbsiegerland.de\\\/cms\\\/preise\\\/\",\"url\":\"https:\\\/\\\/mtbsiegerland.de\\\/cms\\\/preise\\\/\",\"name\":\"PREISE - MTB Siegerland e.V. - Lass dich raus!\",\"isPartOf\":{\"@id\":\"https:\\\/\\\/mtbsiegerland.de\\\/#website\"},\"datePublished\":\"2025-02-03T14:17:20+00:00\",\"dateModified\":\"2025-02-04T17:39:27+00:00\",\"breadcrumb\":{\"@id\":\"https:\\\/\\\/mtbsiegerland.de\\\/cms\\\/preise\\\/#breadcrumb\"},\"inLanguage\":\"de\",\"potentialAction\":[{\"@type\":\"ReadAction\",\"target\":[\"https:\\\/\\\/mtbsiegerland.de\\\/cms\\\/preise\\\/\"]}]},{\"@type\":\"BreadcrumbList\",\"@id\":\"https:\\\/\\\/mtbsiegerland.de\\\/cms\\\/preise\\\/#breadcrumb\",\"itemListElement\":[{\"@type\":\"ListItem\",\"position\":1,\"name\":\"Startseite\",\"item\":\"https:\\\/\\\/mtbsiegerland.de\\\/cms\\\/\"},{\"@type\":\"ListItem\",\"position\":2,\"name\":\"PREISE\"}]},{\"@type\":\"WebSite\",\"@id\":\"https:\\\/\\\/mtbsiegerland.de\\\/#website\",\"url\":\"https:\\\/\\\/mtbsiegerland.de\\\/\",\"name\":\"MTB Siegerland e.V. - Lass dich raus!\",\"description\":\"\",\"potentialAction\":[{\"@type\":\"SearchAction\",\"target\":{\"@type\":\"EntryPoint\",\"urlTemplate\":\"https:\\\/\\\/mtbsiegerland.de\\\/?s={search_term_string}\"},\"query-input\":{\"@type\":\"PropertyValueSpecification\",\"valueRequired\":true,\"valueName\":\"search_term_string\"}}],\"inLanguage\":\"de\"}]}<\/script>\n<!-- \/ Yoast SEO plugin. -->","yoast_head_json":{"title":"PREISE - MTB Siegerland e.V. - Lass dich raus!","robots":{"index":"index","follow":"follow","max-snippet":"max-snippet:-1","max-image-preview":"max-image-preview:large","max-video-preview":"max-video-preview:-1"},"canonical":"https:\/\/mtbsiegerland.de\/cms\/preise\/","og_locale":"de_DE","og_type":"article","og_title":"PREISE - MTB Siegerland e.V. - Lass dich raus!","og_description":"PREISE Bevor du dich in die Trails st\u00fcrzt, m\u00f6chten wir dir einen kurzen \u00dcberblick \u00fcber unsere Mitgliedsbeitr\u00e4ge geben. Denn wir wollen, dass du genau wei\u00dft, was dich erwartet \u2013 nicht nur auf den Trails, sondern auch bei der Mitgliedschaft. Bei uns steht die Gemeinschaft im Vordergrund, und das spiegelt sich auch in unseren Beitr\u00e4gen wider. [&hellip;]","og_url":"https:\/\/mtbsiegerland.de\/cms\/preise\/","og_site_name":"MTB Siegerland e.V. - Lass dich raus!","article_modified_time":"2025-02-04T17:39:27+00:00","twitter_card":"summary_large_image","twitter_misc":{"Gesch\u00e4tzte Lesezeit":"2\u00a0Minuten"},"schema":{"@context":"https:\/\/schema.org","@graph":[{"@type":"WebPage","@id":"https:\/\/mtbsiegerland.de\/cms\/preise\/","url":"https:\/\/mtbsiegerland.de\/cms\/preise\/","name":"PREISE - MTB Siegerland e.V. - Lass dich raus!","isPartOf":{"@id":"https:\/\/mtbsiegerland.de\/#website"},"datePublished":"2025-02-03T14:17:20+00:00","dateModified":"2025-02-04T17:39:27+00:00","breadcrumb":{"@id":"https:\/\/mtbsiegerland.de\/cms\/preise\/#breadcrumb"},"inLanguage":"de","potentialAction":[{"@type":"ReadAction","target":["https:\/\/mtbsiegerland.de\/cms\/preise\/"]}]},{"@type":"BreadcrumbList","@id":"https:\/\/mtbsiegerland.de\/cms\/preise\/#breadcrumb","itemListElement":[{"@type":"ListItem","position":1,"name":"Startseite","item":"https:\/\/mtbsiegerland.de\/cms\/"},{"@type":"ListItem","position":2,"name":"PREISE"}]},{"@type":"WebSite","@id":"https:\/\/mtbsiegerland.de\/#website","url":"https:\/\/mtbsiegerland.de\/","name":"MTB Siegerland e.V. - Lass dich raus!","description":"","potentialAction":[{"@type":"SearchAction","target":{"@type":"EntryPoint","urlTemplate":"https:\/\/mtbsiegerland.de\/?s={search_term_string}"},"query-input":{"@type":"PropertyValueSpecification","valueRequired":true,"valueName":"search_term_string"}}],"inLanguage":"de"}]}},"_links":{"self":[{"href":"https:\/\/mtbsiegerland.de\/cms\/wp-json\/wp\/v2\/pages\/520","targetHints":{"allow":["GET"]}}],"collection":[{"href":"https:\/\/mtbsiegerland.de\/cms\/wp-json\/wp\/v2\/pages"}],"about":[{"href":"https:\/\/mtbsiegerland.de\/cms\/wp-json\/wp\/v2\/types\/page"}],"author":[{"embeddable":true,"href":"https:\/\/mtbsiegerland.de\/cms\/wp-json\/wp\/v2\/users\/1"}],"replies":[{"embeddable":true,"href":"https:\/\/mtbsiegerland.de\/cms\/wp-json\/wp\/v2\/comments?post=520"}],"version-history":[{"count":10,"href":"https:\/\/mtbsiegerland.de\/cms\/wp-json\/wp\/v2\/pages\/520\/revisions"}],"predecessor-version":[{"id":727,"href":"https:\/\/mtbsiegerland.de\/cms\/wp-json\/wp\/v2\/pages\/520\/revisions\/727"}],"wp:attachment":[{"href":"https:\/\/mtbsiegerland.de\/cms\/wp-json\/wp\/v2\/media?parent=520"}],"curies":[{"name":"wp","href":"https:\/\/api.w.org\/{rel}","templated":true}]}}